Bishopdale, Christchurch Weather

 Latitude S 39° 03' 33"    Longitude E 177° 06' 31"    Elevation 630 m (2067 ft)

Select a Year or Month report
V/Λ2019 > Jan Feb Mar Apr May Jun Jul Aug Sep Oct Nov Dec
V/Λ2018 > Jan Feb Mar Apr May Jun Jul Aug Sep Oct Nov Dec
V/Λ2017 > Jan Feb Mar Apr May Jun Jul Aug Sep Oct Nov Dec
V/Λ2016 > Jan Feb Mar Apr May Jun Jul Aug Sep Oct Nov Dec

Report for 2019 Feb
                   Monthly Climatological Summary for Feb 2019

Name: Bishopdale   City: Christchurch   State: New Zealand
Elevation: 21 m  Lat: S 43° 48' 60"   Lon: E 172° 57' 60"

                  Temperature (°C), Rain (mm), Wind Speed (km/h)

                                      Heat  Cool        Avg
    Mean                              Deg   Deg         Wind                 Dom
Day Temp  High   Time   Low    Time   Days  Days  Rain  Speed High   Time    Dir
----------------------------------------------------------------------------------
 1  17.1  27.9   2:16p  12.0  11:32p   2.5   1.3   0.0   8.0  45.0   3:16p    SW
 2  14.8  21.5   1:53p   6.8   6:47a   4.1   0.6   0.0   9.2  46.8   4:53p   ENE
 3  16.8  21.8   3:20p  10.7   6:17a   2.4   0.9   0.0  12.1  49.2   1:31p   ENE
 4  20.9  31.2   1:47p  12.7   5:47a   1.5   4.2   0.0   7.3  30.6   4:55p     E
 5  20.7  32.6   2:18p  13.5   1:47a   1.6   4.0   0.0  10.3  61.2   9:26p   WSW
 6  13.8  15.8  12:48p  11.9  11:56p   4.5   0.0   0.0  11.4  42.6  12:31p   SSW
 7  13.2  18.1   2:47p   7.2   6:17a   5.2   0.0   0.0   9.5  49.2   6:03p     E
 8  14.6  22.1   3:48p   8.6   6:18a   4.4   0.8   0.0  12.4  46.8   5:16p     E
 9  20.4  28.5   1:37p  12.1   7:18a   1.5   3.6   0.0   9.1  45.0   2:38p    SE
10  19.7  27.3  12:22p  11.9   6:48a   1.5   2.8   0.0   9.6  51.0   4:39p     E
11  19.0  24.6  12:47p  14.6   8:04a   1.1   1.8   0.0  12.1  49.2   7:05p     E
12  21.7  29.6  12:48p  15.5   6:36a   0.6   4.1   0.0   9.9  32.4  11:23p     E
13  18.4  23.8  12:48p  15.8   6:40a   1.1   1.2   0.0  13.4  46.8   9:48p   ESE
14  21.2  31.4   1:47p  15.3  11:59p   0.9   3.8   0.7  14.9  65.4   8:28p   WNW
15  17.4  23.8   2:18p  13.8   6:22a   2.1   1.2   0.9  10.7  40.8   7:56p    SE
16  14.2  18.5   5:23p  10.8   9:03a   4.1   0.0   2.3   9.7  57.0   4:13a    SW
17  14.9  20.6   3:48p   9.4   7:02a   3.7   0.3   0.0   8.6  45.0   3:14p     E
18  17.5  26.3   1:49p   9.6   7:12a   2.7   1.9   0.0   6.0  34.8   6:04p   ENE
19  19.7  27.4   6:22p  10.9   6:50a   2.1   3.5   0.0   6.0  28.8   7:25p   ENE
20  20.7  27.8  12:49p  16.7   9:35p   0.2   2.6   0.0  12.2  46.8   4:49p    NE
21  21.8  30.0   5:38p  16.4   7:27a   0.6   4.1   0.0  11.5  46.8   6:01p   NNE
----------------------------------------------------------------------------------
    18.0  32.6     5     6.8     2    48.4  42.7   3.9  10.2  65.4    14       E

Max >=  27.0: 10
Max <=   0.0:  0
Min <=   0.0:  0
Min <=  -5.0:  0
Max Rain: 2.3 on day 16
Days of Rain: 3 (>= 0.2 mm)  1 (>= 2.0 mm)  0 (>= 10.0 mm)
Heat Base: 18.3  Cool Base: 18.3  Method: Integration
:Dashboard::Now::Gauges::Today::Yesterday::This Month::This Year::Records::Trends::10 Day Forecast

:Monthly Records::NZLWF Records::NZ Live Map::Weather Underground::WU History::NOAA Reports:

Powered By: Cumulus v1.9.4 (1099)