Bishopdale, Christchurch Weather

 Latitude S 39° 03' 33"    Longitude E 177° 06' 31"    Elevation 630 m (2067 ft)

Select a Year or Month report
V/Λ2019 > Jan Feb Mar Apr May Jun Jul Aug Sep Oct Nov Dec
V/Λ2018 > Jan Feb Mar Apr May Jun Jul Aug Sep Oct Nov Dec
V/Λ2017 > Jan Feb Mar Apr May Jun Jul Aug Sep Oct Nov Dec
V/Λ2016 > Jan Feb Mar Apr May Jun Jul Aug Sep Oct Nov Dec

Report for 2019 Aug
                   Monthly Climatological Summary for Aug 2019

Name: Bishopdale   City: Christchurch   State: New Zealand
Elevation: 21 m  Lat: S 43° 48' 60"   Lon: E 172° 57' 60"

                  Temperature (°C), Rain (mm), Wind Speed (km/h)

                                      Heat  Cool        Avg
    Mean                              Deg   Deg         Wind                 Dom
Day Temp  High   Time   Low    Time   Days  Days  Rain  Speed High   Time    Dir
----------------------------------------------------------------------------------
 1   6.3  10.6   3:51p  -1.0  11:37p  12.4   0.0   2.6  16.3  63.5   7:22a   WSW
 2   5.5  14.4  12:31p  -1.6   5:50a  13.1   0.0   5.3   9.9  65.9  10:46p     W
 3   8.0  14.6   3:55p   2.5   8:46a  10.4   0.0   1.3   5.8  49.6  12:00a   ENE
 4   4.1   8.6   1:36a  -0.9   8:17a  14.4   0.0   0.4   4.9  51.4   3:40a   WSW
 5   2.7  10.9   2:47p  -3.1   5:47a  16.1   0.0   0.0   5.4  30.8  11:48a     W
 6   2.9  14.6   2:17p  -4.2   7:22a  15.7   0.0   0.0   2.1  18.7  11:31a     N
 7   4.7  16.5   2:47p  -2.9   5:47a  13.7   0.0   0.0   1.5  16.3   2:47p   NNW
 8   4.9  15.7   1:17p  -2.8   6:44a  13.8   0.0   0.0   2.1  16.3  11:58a   ENE
 9   8.9  15.0  12:28p   2.8  12:00a   8.7   0.0   0.0   5.6  36.9   2:14p    NE
10   6.1   8.2   4:28p   4.3   9:48p  12.4   0.0  11.6  10.2  67.7   2:56p     E
11   5.4   9.4   2:00p   2.1   7:17a  13.2   0.0   0.3   7.1  35.1  12:11p     W
12   5.3  10.1   3:46p   0.9  11:59p  13.6   0.0   0.3   4.4  24.8   2:41a     W
13   5.8  15.2   1:47p  -1.8   7:05a  13.0   0.0   0.0   7.3  59.9   6:22p     W
14   6.4  10.0  11:29a   2.2   7:28a  12.1   0.0   0.0   8.4  45.4  11:25a    SW
15   4.2  12.4   1:49p  -3.7   7:22a  14.4   0.0   0.0   3.8  26.6   5:01p    NE
16   7.1  15.1   3:18p  -0.6   3:48a  11.3   0.0   0.0   6.2  41.1   3:18p   NNW
17   6.0  10.2   3:19a   1.0  10:24p  12.4   0.0   9.5  10.2  49.6   4:49a   WSW
18   3.9  10.3   2:55p  -0.8   3:48a  14.4   0.0   0.7   4.1  26.6  12:50p     W
19   4.6  10.7   1:48p  -2.1   7:38a  14.0   0.0   0.0   6.5  30.8  11:30a   ENE
20   7.1  13.3  12:48p  -1.4   3:18a  11.4   0.0   0.0   7.6  53.2  10:19a   NNE
21   8.9  14.2   1:18p   6.5  11:00p   9.5   0.0   0.0   7.4  30.8   7:31p   ENE
22   8.6  15.9   2:48p   3.9  11:56p   9.7   0.0   0.0   3.4  20.6   1:19a   NNW
----------------------------------------------------------------------------------
     5.8  16.5     7    -4.2     6   279.7   0.0  32.0   6.4  67.7    10     WNW

Max >=  37.0:  0
Max <=   0.0:  0
Min <=   0.0: 13
Min <=  -5.0:  0
Max Rain: 11.6 on day 10
Days of Rain: 9 (>= 0.2 mm)  4 (>= 2.0 mm)  1 (>= 10.0 mm)
Heat Base: 18.3  Cool Base: 18.2  Method: Integration
:Dashboard::Now::Gauges::Today::Yesterday::This Month::This Year::Records::Trends::10 Day Forecast

:Monthly Records::NZLWF Records::NZ Live Map::Weather Underground::WU History::NOAA Reports:

Powered By: Cumulus v1.9.4 (1099)