Bishopdale, Christchurch Weather

 Latitude S 39° 03' 33"    Longitude E 177° 06' 31"    Elevation 630 m (2067 ft)

Select a Year or Month report
V/Λ2018 > Jan Feb Mar Apr May Jun Jul Aug Sep Oct Nov Dec
V/Λ2017 > Jan Feb Mar Apr May Jun Jul Aug Sep Oct Nov Dec
V/Λ2016 > Jan Feb Mar Apr May Jun Jul Aug Sep Oct Nov Dec

Report for 2018 Oct
                   Monthly Climatological Summary for Oct 2018

Name: Bishopdale   City: Christchurch   State: New Zealand
Elevation: 21 m  Lat: S 43° 50' 60"   Lon: E 172° 15' 60"

                  Temperature (°C), Rain (mm), Wind Speed (km/h)

                                      Heat  Cool        Avg
    Mean                              Deg   Deg         Wind                 Dom
Day Temp  High   Time   Low    Time   Days  Days  Rain  Speed High   Time    Dir
----------------------------------------------------------------------------------
 1  11.3  16.9   2:46p   6.5  11:58p   6.9   0.0   0.0   8.8  41.2  10:44a    SW
 2   9.5  16.6   2:17p   3.4   3:47a   8.8   0.0   0.3   7.2  41.2   9:30p   ESE
 3   9.7  14.0   3:22p   5.4  11:58p   8.6   0.0   0.0  10.3  45.0   5:47p   ENE
 4  11.9  22.7   2:22p   1.5   7:23a   7.2   0.6   0.0   3.8  36.7  12:52p    NE
 5   9.8  12.8  10:14a   7.0  11:54p   8.4   0.0   0.2   9.2  41.2  12:02a     S
 6   9.0  14.6   1:55p   1.3   5:26a   9.3   0.0   0.0  11.0  55.8  12:18p   ENE
 7  11.4  17.7   1:56p   5.1   3:56a   6.9   0.0   0.2   9.0  32.3   5:26a    NE
 8   9.8  20.9   1:31p  -0.4  11:27a   8.4   0.0   0.0   6.5  34.2   1:31p   ENE
 9   9.6  15.2   1:56p   3.5   7:06a   8.7   0.0   0.0   9.7  53.9   6:11p   ENE
10  10.6  19.5   1:58p   3.5   4:59a   7.6   0.1   0.0  12.1  75.4   5:50p   WSW
11   8.7  11.5   1:59p   6.9   6:59a   9.4   0.0   2.2   6.3  26.0  10:50p   ESE
12   6.3   9.1  12:00a   3.1  11:06p  12.0   0.0  18.3  17.3  66.5   9:50a   SSW
13   7.7  16.7   5:02p   1.8   3:59a  10.6   0.0   3.5   9.5  47.5   4:29a   WSW
14   9.0  13.3   2:03p   3.5  11:59p   9.1   0.0   0.0  11.7  52.0   2:15p   SSW
15   8.0  14.9   2:28p  -0.3   6:29a  10.2   0.0   0.0   4.5  23.4  11:57a    NE
----------------------------------------------------------------------------------
     9.5  22.7     4    -0.4     8   132.1   0.7  24.7   9.1  75.4    10      SE

Max >=  27.0:  0
Max <=   0.0:  0
Min <=   0.0:  2
Min <=  -5.0:  0
Max Rain: 18.3 on day 12
Days of Rain: 6 (>= 0.2 mm)  3 (>= 2.0 mm)  1 (>= 10.0 mm)
Heat Base: 18.3  Cool Base: 18.3  Method: Integration
:Dashboard::Now::Gauges::Today::Yesterday::This Month::This Year::Records::Trends::10 Day Forecast

:Monthly Records::NZLWF Records::NZ Live Map::Weather Underground::WU History::NOAA Reports:

Powered By: Cumulus v1.9.4 (1099)