Bishopdale, Christchurch Weather

 Latitude S 39° 03' 33"    Longitude E 177° 06' 31"    Elevation 630 m (2067 ft)

Select a Year or Month report
V/Λ2018 > Jan Feb Mar Apr May Jun Jul Aug Sep Oct Nov Dec
V/Λ2017 > Jan Feb Mar Apr May Jun Jul Aug Sep Oct Nov Dec
V/Λ2016 > Jan Feb Mar Apr May Jun Jul Aug Sep Oct Nov Dec

Report for 2018 Dec
                   Monthly Climatological Summary for Dec 2018

Name: Bishopdale   City: Christchurch   State: New Zealand
Elevation: 21 m  Lat: S 43° 50' 60"   Lon: E 172° 15' 60"

                  Temperature (°C), Rain (mm), Wind Speed (km/h)

                                      Heat  Cool        Avg
    Mean                              Deg   Deg         Wind                 Dom
Day Temp  High   Time   Low    Time   Days  Days  Rain  Speed High   Time    Dir
----------------------------------------------------------------------------------
 1  15.8  21.8  11:24a  12.8   3:17a   2.8   0.3   0.0  17.3  60.2   6:55p   ENE
 2  14.8  17.5   1:39p  13.4   5:18a   3.5   0.0   0.0  14.8  43.1   4:09p   ENE
 3  15.1  18.6   4:54p  12.8  11:43p   3.2   0.0   0.0  16.0  62.7  10:55a   ENE
 4  19.1  42.5   6:30p  11.8  11:47p   2.8   3.7   0.0  11.9  52.0   7:57p     N
 5  14.4  23.2  11:52a  10.3  11:52p   4.3   0.2  13.8  11.3  43.1  11:54a     W
 6  11.9  16.5   1:31p   8.6   5:02a   6.8   0.0   0.6  13.5  58.3   2:01p   SSW
 7  13.3  19.9   1:34p   5.1   6:04a   5.3   0.2   0.0   9.5  38.6   6:55p     E
 8  14.7  20.4  11:38a  11.0   6:34a   3.7   0.0   0.0   9.0  41.2  11:27a   ENE
 9  28.2  47.0   3:29a  12.8  12:00a   0.2  10.5   0.0   0.8  17.1   5:49p   NNE
10  12.5  16.1   1:13a  10.9  11:45p   5.7   0.0   0.0   3.0  38.6   7:50p     E
11  11.9  13.3  12:00p  10.6   6:42a   6.4   0.0   3.0  13.6 282.0   7:42a   ENE
12  13.5  15.8   4:43p  11.9  12:00a   4.8   0.0   3.3   9.1  43.1   5:56p   ESE
13  14.9  18.6  11:08a  12.6   5:44a   3.4   0.0   0.0   7.5  36.7   6:06p   ESE
14  15.5  18.6   1:13p  13.5   3:43a   2.8   0.0   0.0  11.1  34.2  11:00a     E
15  16.4  21.7   2:50p  13.7  10:20p   2.4   0.5   0.0   7.6  36.7   1:43p   SSE
16  16.0  19.8   3:20p  13.8  12:00a   2.5   0.2   0.0   9.1  38.6   5:40p   ENE
17  18.2  23.6   1:13p  13.8   6:30a   1.5   1.4   0.0  10.6  32.3  12:04a     E
18  19.1  21.6   4:55p  15.0  12:00a   0.4   1.2   0.0  12.6  90.6   5:08p    NW
----------------------------------------------------------------------------------
    15.8  47.0     9     5.1     7    62.5  18.2  20.7  10.5 282.0    11     ENE

Max >=  27.0:  2
Max <=   0.0:  0
Min <=   0.0:  0
Min <=  -5.0:  0
Max Rain: 13.8 on day 5
Days of Rain: 4 (>= 0.2 mm)  3 (>= 2.0 mm)  1 (>= 10.0 mm)
Heat Base: 18.3  Cool Base: 18.3  Method: Integration
:Dashboard::Now::Gauges::Today::Yesterday::This Month::This Year::Records::Trends::10 Day Forecast

:Monthly Records::NZLWF Records::NZ Live Map::Weather Underground::WU History::NOAA Reports:

Powered By: Cumulus v1.9.4 (1099)