Bishopdale, Christchurch Weather

 Latitude S 39° 03' 33"    Longitude E 177° 06' 31"    Elevation 630 m (2067 ft)

Select a Year or Month report
V/Λ2019 > Jan Feb Mar Apr May Jun Jul Aug Sep Oct Nov Dec
V/Λ2018 > Jan Feb Mar Apr May Jun Jul Aug Sep Oct Nov Dec
V/Λ2017 > Jan Feb Mar Apr May Jun Jul Aug Sep Oct Nov Dec
V/Λ2016 > Jan Feb Mar Apr May Jun Jul Aug Sep Oct Nov Dec

Report for 2019 Jun
                   Monthly Climatological Summary for Jun 2019

Name: Bishopdale   City: Christchurch   State: New Zealand
Elevation: 21 m  Lat: S 43° 48' 60"   Lon: E 172° 57' 60"

                  Temperature (°C), Rain (mm), Wind Speed (km/h)

                                      Heat  Cool        Avg
    Mean                              Deg   Deg         Wind                 Dom
Day Temp  High   Time   Low    Time   Days  Days  Rain  Speed High   Time    Dir
----------------------------------------------------------------------------------
 1   6.8   8.5   5:50p   4.0  11:26p  12.3   0.0  19.4  15.7  60.3   9:46a   WSW
 2   4.4   9.1   2:42p   2.6   6:07a  15.2   0.0  34.9  13.7  59.5   1:44p   WSW
 3   2.7  11.0   1:37p  -3.5   7:52a  15.8   0.0   0.1   0.9  16.2   1:21p    NE
 4   4.4   8.7  10:45a  -0.4  11:59p  14.4   0.0   0.1   2.6  28.9   6:33a   SSW
 5   0.8   6.4   3:37p  -2.2  11:58p  18.2   0.0   0.0   1.3  14.4  10:53a    SW
 6   2.9  10.0   4:06p  -4.4   5:06a  15.4   0.0   0.0   2.1  26.5  11:23a     W
 7   8.5  13.2   2:36p   3.8  12:52a   9.9   0.0   0.0   7.4  45.3   6:26a   SSW
 8   8.1  13.5  11:06a   4.2  11:13p  10.8   0.0   0.0   7.6  65.5   1:54p     N
 9   6.5  41.2   7:09p  -2.7   8:16a  13.4   0.5   0.0   0.5  22.3   7:53a   NNW
10   9.3  14.7  11:57a   3.7   7:44a   9.3   0.0   0.0   7.2  28.9  10:47p   ENE
11   9.5  15.9   2:38p   4.6   7:58a   9.0   0.0   0.0   3.4  21.2   5:10p   NNE
12   9.3  12.7   1:08p   5.8   4:39a   9.2   0.0   0.0   8.4  28.3   9:37p     W
13  10.3  14.5   2:09p   8.3   7:54p   8.2   0.0   0.4   6.2  24.6   4:47p     N
14  10.8  12.6   1:38p   9.7   8:21a   7.6   0.0   0.0  10.5  36.7   5:41p   ENE
15   9.7  11.3   2:13p   7.4  10:07p  10.0   0.0   1.3   7.0  36.7   1:44p     W
16   4.0   9.7   3:06p  -0.2  10:28p  15.6   0.0   1.2   2.3  32.5   1:41p   WSW
----------------------------------------------------------------------------------
     6.8  41.2     9    -4.4     6   194.3   0.5  57.4   6.1  65.5     8       W

Max >=  27.0:  1
Max <=   0.0:  0
Min <=   0.0:  6
Min <=  -5.0:  0
Max Rain: 34.9 on day 2
Days of Rain: 5 (>= 0.2 mm)  2 (>= 2.0 mm)  2 (>= 10.0 mm)
Heat Base: 18.3  Cool Base: 18.3  Method: Integration
:Dashboard::Now::Gauges::Today::Yesterday::This Month::This Year::Records::Trends::10 Day Forecast

:Monthly Records::NZLWF Records::NZ Live Map::Weather Underground::WU History::NOAA Reports:

Powered By: Cumulus v1.9.4 (1099)